{"version":"1.0","provider_name":"Flipper - Mindennapi celebs\u00e9gek","provider_url":"https:\/\/celebflipper.cafeblog.hu","author_name":"hajcsi","author_url":"https:\/\/celebflipper.cafeblog.hu\/author\/hajcsi\/","title":"\u00c9bred\u0151s szelfit posztolt Dob\u00f3 Kata","html":"A gy\u00f6ny\u00f6r\u0171 sz\u00edn\u00e9szn\u0151 smink n\u00e9lk\u00fcli, de ann\u00e1l mosolyg\u00f3sabb k\u00e9pet osztott meg Facebook oldal\u00e1n.\r\n\r\nA vid\u00e1m vas\u00e1rnap reggeli idill mell\u00e9 Kata a k\u00f6vetkez\u0151 mondatokat \u00edrta:\r\n\r\n<em>\" Szofi minden nap 6, de legk\u00e9s\u0151bb f\u00e9l 7-kor \u00e9breszt minket. \u00c9n akkor \u00edgy n\u00e9zek ki. \u00c9rt\u00e9kelj\u00e9tek a b\u00e1tors\u00e1got, ami\u00e9rt v\u00e1llalom ezt az arcom. :)))) Ma is pont ez t\u00f6rt\u00e9nt. \u0150szint\u00e9n megmondom, nem is eml\u00e9kszem m\u00e1r, hogy volt r\u00e9gen. Tal\u00e1n tov\u00e1bb aludtam, de mi az egy kiad\u00f3s hanc\u00faroz\u00e1shoz k\u00e9pest a vil\u00e1g legfinomabb illat\u00fa t\u00fcnd\u00e9r\u00e9vel!!! Gy\u00f6ny\u00f6r\u0171 napot! \"<\/em>\r\n\r\n<a href=\"https:\/\/celebflipper.cafeblog.hu\/files\/2014\/04\/1656223_281063205403455_3071099414926015390_n.jpg\"><img class=\"alignnone size-large wp-image-2430\" alt=\"1656223_281063205403455_3071099414926015390_n\" src=\"https:\/\/celebflipper.cafeblog.hu\/files\/2014\/04\/1656223_281063205403455_3071099414926015390_n-526x600.jpg\" width=\"526\" height=\"600\" \/><\/a>\r\n\r\nA h\u00edress\u00e9gnek igaz\u00e1n nem kell sz\u00e9gyenkeznie a reggeli arca miatt sem, s\u0151t, igaz\u00e1n csak b\u00fcszke lehet mag\u00e1ra.\r\n\r\nTi is \u00edgy l\u00e1tj\u00e1tok?\r\n\r\n<em>(fot\u00f3 \u00e9s id\u00e9zet: <a href=\"https:\/\/www.facebook.com\/photo.php?fbid=281063205403455&amp;set=a.229916073851502.1073741829.222978684545241&amp;type=1&amp;theater\" target=\"_blank\">Dob\u00f3 Kata Facebook oldala<\/a>)<\/em>","type":"rich"}

Flipper - Mindennapi celebségek

Ébredős szelfit posztolt Dobó Kata

A gyönyörű színésznő smink nélküli, de annál mosolygósabb képet osztott meg Facebook oldalán.

A vidám vasárnap reggeli idill mellé Kata a következő mondatokat írta:

<em>" Szofi minden nap 6, de legkésőbb fél 7-kor ébreszt minket. Én akkor így nézek ki. Értékeljétek a bátorságot, amiért vállalom ezt az arcom. :)))) Ma is pont ez történt. Őszintén megmondom, nem is emlékszem már, hogy volt régen. Talán tovább aludtam, de mi az egy kiadós hancúrozáshoz képest a világ legfinomabb illatú tündérével!!! Gyönyörű napot! "</em>

<a href="https://celebflipper.cafeblog.hu/files/2014/04/1656223_281063205403455_3071099414926015390_n.jpg"><img class="alignnone size-large wp-image-2430" alt="1656223_281063205403455_3071099414926015390_n" src="https://celebflipper.cafeblog.hu/files/2014/04/1656223_281063205403455_3071099414926015390_n-526x600.jpg" width="526" height="600" /></a>

A hírességnek igazán nem kell szégyenkeznie a reggeli arca miatt sem, sőt, igazán csak büszke lehet magára.

Ti is így látjátok?

<em>(fotó és idézet: <a href="https://www.facebook.com/photo.php?fbid=281063205403455&amp;set=a.229916073851502.1073741829.222978684545241&amp;type=1&amp;theater" target="_blank">Dobó Kata Facebook oldala</a>)</em>
